t of 517438?
3
What is the millions digit of 5776258?
5
What is the ten thousands digit of 1900160?
0
What is the ten thousands digit of 42725?
4
What is the hundreds digit of 11040956?
9
What is the hundreds digit of 17671532?
5
What is the ten thousands digit of 15825697?
2
What is the units digit of 1562177?
7
What is the tens digit of 7360177?
7
What is the tens digit of 1998698?
9
What is the hundred thousands digit of 313081?
3
What is the tens digit of 312172?
7
What is the units digit of 5454841?
1
What is the hundreds digit of 193697?
6
What is the thousands digit of 21985043?
5
What is the thousands digit of 268756?
8
What is the hundreds digit of 15503472?
4
What is the tens digit of 2422543?
4
What is the hundred thousands digit of 2298308?
2
What is the hundred thousands digit of 519230?
5
What is the tens digit of 18818118?
1
What is the tens digit of 355163?
6
What is the millions digit of 2304530?
2
What is the tens digit of 3135386?
8
What is the ten thousands digit of 324080?
2
What is the hundred thousands digit of 39315987?
3
What is the thousands digit of 62768?
2
What is the units digit of 2025742?
2
What is the ten thousands digit of 231233?
3
What is the units digit of 19077958?
8
What is the hundreds digit of 245549?
5
What is the ten millions digit of 11743781?
1
What is the units digit of 210600?
0
What is the hundreds digit of 2978201?
2
What is the units digit of 21667914?
4
What is the ten thousands digit of 1732334?
3
What is the thousands digit of 22694?
2
What is the thousands digit of 599160?
9
What is the tens digit of 4765714?
1
What is the tens digit of 24857?
5
What is the units digit of 13830?
0
What is the tens digit of 424000?
0
What is the thousands digit of 406601?
6
What is the thousands digit of 678702?
8
What is the ten thousands digit of 208757?
0
What is the ten thousands digit of 3555858?
5
What is the ten thousands digit of 230513?
3
What is the units digit of 2672494?
4
What is the units digit of 16037442?
2
What is the thousands digit of 127556?
7
What is the units digit of 13377?
7
What is the tens digit of 240797?
9
What is the thousands digit of 699499?
9
What is the millions digit of 1844114?
1
What is the units digit of 2910247?
7
What is the hundred thousands digit of 784645?
7
What is the hundreds digit of 15858209?
2
What is the ten thousands digit of 463252?
6
What is the ten thousands digit of 5714704?
1
What is the ten thousands digit of 486734?
8
What is the thousands digit of 40233578?
3
What is the millions digit of 8229049?
8
What is the ten thousands digit of 1110716?
1
What is the hundred thousands digit of 15483774?
4
What is the units digit of 1324415?
5
What is the ten thousands digit of 192439?
9
What is the ten thousands digit of 3414590?
1
What is the ten thousands digit of 336768?
3
What is the ten thousands digit of 370222?
7
What is the units digit of 1692869?
9
What is the hundred thousands digit of 266305?
2
What is the thousands digit of 1171497?
1
What is the hundred thousands digit of 852718?
8
What is the millions digit of 8006884?
8
What is the millions digit of 7898700?
7
What is the thousands digit of 3603365?
3
What is the hundreds digit of 334349?
3
What is the thousands digit of 380515?
0
What is the hundreds digit of 412175?
1
What is the units digit of 15293170?
0
What is the hundred thousands digit of 116605?
1
What is the ten thousands digit of 257580?
5
What is the millions digit of 16947990?
6
What is the ten thousands digit of 16373318?
7
What is the hundred thousands digit of 499912?
4
What is the thousands digit of 1600449?
0
What is the millions digit of 26272301?
6
What is the units digit of 169771?
1
What is the hundreds digit of 652322?
3
What is the units digit of 11233174?
4
What is the hundred thousands digit of 125755?
1
What is the hundred thousands digit of 492133?
4
What is the thousands digit of 1469297?
9
What is the units digit of 1369983?
3
What is the hundreds digit of 10672819?
8
What is the tens digit of 10260850?
5
What is the ten thousands digit of 702947?
0
What is the tens digit of 396070?
7
What is the millions digit of 25750723?
5
What is the hundred thousands digit of 955304?
9
What is the units digit of 27719?
9
What is the thousands digit of 21608?
1
What is the millions digit of 2574165?
2
What is the hundreds digit of 155438?
4
What is the tens digit of 17376722?
2
What is the millions digit of 1287449?
1
What is the thousands digit of 988891?
8
What is the millions digit of 4160933?
4
What is the tens digit of 649919?
1
What is the millions digit of 13196383?
3
What is the ten thousands digit of 44307?
4
What is the ten thousands digit of 4161735?
6
What is the hundreds digit of 837178?
1
What is the hundreds digit of 4005334?
3
What is the hundreds digit of 772669?
6
What is the hundreds digit of 231427?
4
What is the millions digit of 1902508?
1
What is the tens digit of 94147?
4
What is the thousands digit of 485263?
5
What is the millions digit of 1147791?
1
What is the tens digit of 15790?
9
What is the thousands digit of 1133355?
3
What is the hundred thousands digit of 3065469?
0
What is the hundreds digit of 61215?
2
What is the hundred thousands digit of 366671?
3
What is the hundred thousands digit of 2026896?
0
What is the hundred thousands digit of 2309501?
3
What is the hundred thousands digit of 5628694?
6
What is the tens digit of 64968?
6
What is the thousands digit of 6530?
6
What is the hundred thousands digit of 583522?
5
What is the thousands digit of 52806?
2
What is the thousands digit of 8770856?
0
What is the hundreds digit of 1733465?
4
What is the hundred thousands digit of 287500?
2
What is the ten thousands digit of 47616?
4
What is the ten thousands digit of 15649?
1
What is the units digit of 1741239?
9
What is the millions digit of 2748490?
2
What is the thousands digit of 327633?
7
What is the hundred thousands digit of 11919569?
9
What is the units digit of 224372?
2
What is the tens digit of 66035?
3
What is the units digit of 102513?
3
What is the tens digit of 5397812?
1
What is the hundred thousands digit of 411801?
4
What is the tens digit of 13541006?
0
What is the tens digit of 3590078?
7
What is the hundreds digit of 990108?
1
What is the hundreds digit of 326411?
4
What is the tens digit of 4792109?
0
What is the thousands digit of 653911?
3
What is the ten thousands digit of 3113877?
1
What is the tens digit of 830867?
6
What is the hundreds digit of 2135867?
8
What is the units digit of 15289889?
9
What is the ten thousands digit of 6503121?
0
What is the ten millions digit of 23152113?
2
What is the ten thousands digit of 3937211?
3
What is the thousands digit of 1338987?
8
What is the tens digit of 5862224?
2
What is the hundred thousands digit of 1391298?
3
What is the ten thousands digit of 5123247?
2
What is the hundreds digit of 233263?
2
What is the ten thousands digit of 6592462?
9
What is the thousands digit of 345550?
5
What is the units digit of 2173328?
8
What is the hundreds digit of 6523034?
0
What is the units digit of 4435650?
0
What is the hundreds digit of 465571?
5
What is the units digit of 2184771?
1
What is the hundred thousands digit of 919750?
9
What is the millions digit of 1345215?
1
What is the hundreds digit of 230538?
5
What is the units digit of 528791?
1
What is the ten thousands digit of 5251993?
5
What is the thousands digit of 293526?
3
What is the thousands digit of 93882?
3
What is the ten thousands digit of 4406900?
0
What is the hundreds digit of 6297562?
5
What is the millions digit of 3927542?
3
What is the tens digit of 270597?
9
What is the ten thousands digit of 92894?
9
What is the millions digit of 9474828?
9
What is the ten thousands digit of 314383?
1
What is the ten thousands digit of 1023063?
2
What is the ten thousands digit of 1110508?
1
What is the hundred thousands digit of 9150530?
1
What is the units digit of 3367237?
7
What is the hundreds digit of 2008564?
5
What is the hundred thousands digit of 404371?
4
What is the thousands digit of 4833906?
3
What is the tens digit of 360931?
3
What is the tens digit of 6146856?
5
What is the hundreds digit of 30813?
8
What is the hundred thousands digit of 2472633?
4
What i